 8*v - 10. Give q(-4).
-26
Let x(u) = -u + 1. Determine x(-1).
2
Let t(w) = w**3 - 11*w + 4. Determine t(5).
74
Let d(a) = -10*a**2 + a - 3. Determine d(2).
-41
Let i(y) = -y**2 - 13*y - 29. Determine i(-6).
13
Let d(f) = 54*f + 547. Calculate d(-10).
7
Let k(z) = z**3 - z**2 + 75. Determine k(0).
75
Let i(j) = -3*j**2 + 34*j - 52. Calculate i(9).
11
Let t(o) = 8*o - 2. Calculate t(-2).
-18
Let q(n) = -n**2 + 4*n + 6. Determine q(6).
-6
Let z(n) = -n**3 + 24*n - 7. Give z(-5).
-2
Let r(i) = i**3 - 2*i**2 - 3*i + 1. What is r(3)?
1
Let t(z) = 8*z**2 - 9*z - 6. Give t(-1).
11
Let t(x) = -7*x - 8. Calculate t(-2).
6
Let l(x) = x**2 + 22*x + 46. Determine l(-20).
6
Let c(i) = i**2 - 10*i + 32. Determine c(4).
8
Let f(x) = x**2 + 22*x + 59. Calculate f(-19).
2
Let f(l) = -8*l**3 + 2*l**2 + 3*l + 2. Determine f(-1).
9
Let n(g) = 3*g - 4. What is n(-9)?
-31
Let n(k) = k**3 - 6*k**2 + 6*k - 1. Calculate n(4).
-9
Let b(g) = -g**2 - 5*g - 7. What is b(-4)?
-3
Let q(y) = y**3 - 10*y**2 - 2*y - 13. Determine q(11).
86
Let r(p) = -p**3 - 9*p**2 + 2*p + 9. What is r(-9)?
-9
Let d(v) = -10*v + 1. Calculate d(1).
-9
Let i(v) = v**3 - 12*v**2 - 26*v - 22. What is i(14)?
6
Let c(n) = -n**3 + 8*n**2 + 2*n + 6. Calculate c(8).
22
Let f(o) = 7*o - 11. Determine f(16).
101
Let b(g) = g**2 + 4*g - 4. What is b(-4)?
-4
Let x(u) = -15*u + 86. Calculate x(6).
-4
Let r(f) = -10*f + 10. Determine r(2).
-10
Let p(v) = -v**3 + 3*v**2 - 5*v - 7. Determine p(3).
-22
Let y(b) = 80*b + 232. Give y(-3).
-8
Let z(r) = -31*r - 13. What is z(0)?
-13
Let d(s) = -s**2 + 14*s + 12. What is d(15)?
-3
Let j(z) = -2*z + 10. Determine j(7).
-4
Let r(n) = 2*n**3 + 5*n**2 + n + 4. Give r(-4).
-48
Let u(v) = v**3 - 8*v**2 + 10*v - 2. Determine u(6).
-14
Let d(s) = -20*s + 4. What is d(-1)?
24
Let f(i) = -i**3 + 7*i**2 - i - 10. What is f(7)?
-17
Let t(z) = z**3 - 9*z**2 + 9*z - 11. Give t(8).
-3
Let f(c) = c**2 + 12*c - 12. Give f(-9).
-39
Let a(j) = j**2 + j + 10. Calculate a(-7).
52
Let u(q) = -3*q**2 + 26*q. What is u(8)?
16
Let k(g) = -g**2 + 13*g - 6. Determine k(0).
-6
Let l(f) = -f**3 - 11*f**2 + 5*f + 8. Give l(-11).
-47
Let s(k) = 7*k + 119. Determine s(-27).
-70
Let o(p) = 7*p + 36. What is o(5)?
71
Let v(y) = 4*y + 6. What is v(-2)?
-2
Let u(o) = -o**2 + 10*o - 25. What is u(7)?
-4
Let p(w) = -w**3 + 20*w**2 - 39*w + 62. Determine p(18).
8
Let p(n) = 2*n + 7. Determine p(0).
7
Let i(m) = 2*m**3 + 80*m**2 - m - 23. What is i(-40)?
17
Let x(j) = -13*j - 114. Determine x(-8).
-10
Let p(b) = -3*b**2 - 6. What is p(0)?
-6
Let a(c) = -2*c**3 + 2*c**2 + 3*c + 4. Determine a(3).
-23
Let x(l) = l**3 - 7*l**2 + 6*l - 52. Determine x(7).
-10
Let u(q) = -11*q**2 + 2*q + 1. Determine u(2).
-39
Let w(b) = 3*b**2 - 11*b - 5. Give w(4).
-1
Let s(x) = -x**3 - 12*x**2 - 21*x - 9. Determine s(-10).
1
Let z(l) = -l**2 - 5*l + 4. What is z(-5)?
4
Let n(y) = -4*y**2 - 27*y - 5. Determine n(-6).
13
Let h(d) = d + 4. Give h(0).
4
Let b(a) = 5*a - 37. Give b(-7).
-72
Let m(f) = f**2 - 13*f + 10. What is m(9)?
-26
Let y(v) = v**3 + 15*v**2 + 11*v + 17. What is y(-14)?
59
Let w(d) = -d**3 - 14*d**2 + 34*d + 6. What is w(-16)?
-26
Let r(f) = -f**3 + 2*f + 9. What is r(0)?
9
Let o(r) = -28*r - 92. Calculate o(-3).
-8
Let r(l) = -30*l - 128. Give r(-5).
22
Let a(x) = -x**2 + 12*x - 26. Give a(4).
6
Let x(r) = r**2 + 17*r - 3. Calculate x(-17).
-3
Let p(v) = 5*v**2 - 3*v - 39. Determine p(3).
-3
Let y(l) = l + 4. What is y(9)?
13
Let j(v) = -v**3 + 2*v**2 + 3*v + 1. What is j(3)?
1
Let p(i) = i**3 - 10*i**2 - 8*i + 4. Calculate p(11).
37
Let v(p) = -16*p - 30. Give v(-2).
2
Let y(h) = -57*h - 1. What is y(1)?
-58
Let q(w) = -47*w + 374. Determine q(8).
-2
Let m(l) = l**3 + 7*l**2 + 3*l + 27. Calculate m(-8).
-61
Let g(u) = -u**3 + 13*u**2 - 13*u + 1. Give g(10).
171
Let y(q) = -40*q - 8. What is y(2)?
-88
Let i(r) = -2*r**3 + r**2 - 3*r - 10. What is i(0)?
-10
Let z(i) = i + 20. Calculate z(-19).
1
Let o(n) = -22*n - 172. Give o(-8).
4
Let f(i) = i**3 + 15*i**2 - 34*i - 5. Calculate f(-17).
-5
Let g(w) = -w + 76. Calculate g(78).
-2
Let p(c) = -38*c + 156. Give p(5).
-34
Let p(x) = 4*x + 58. What is p(0)?
58
Let n(a) = a**2 + a - 5. Calculate n(-3).
1
Let i(r) = -2*r**2 - 19*r + 11. Calculate i(-10).
1
Let t(u) = -9*u + 16. What is t(3)?
-11
Let v(b) = 2*b**2 + 2*b + 5. Calculate v(0).
5
Let a(q) = 2*q**2 + 19*q + 19. Determine a(-10).
29
Let l(p) = -p**2 + 72*p - 765. Give l(59).
2
Let s(y) = 8*y + 6. Calculate s(3).
30
Let l(g) = g**3 + 9*g**2 + 20*g + 1. Determine l(-6).
-11
Let f(x) = -14*x + 101. Determine f(8).
-11
Let q(c) = -38*c - 921. Calculate q(-24).
-9
Let x(r) = -r**3 - 2*r**2 - r - 1. What is x(-4)?
35
Let q(v) = -4*v + 76. Calculate q(23).
-16
Let c(z) = 7*z + 84. Give c(-24).
-84
Let d(z) = -38*z + 754. What is d(20)?
-6
Let p(o) = -2*o**3 - o**2 + 4*o - 3. Calculate p(2).
-15
Let o(j) = j**2 - 11*j + 9. Calculate o(13).
35
Let v(s) = -s**3 - 29*s**2 - 26*s - 8. Calculate v(-28).
-64
Let j(o) = 12*o**2 - o - 1. Determine j(-1).
12
Let f(t) = t**2 - 6*t + 33. Give f(5).
28
Let p(n) = n**3 - 27*n**2 + 25*n + 30. Calculate p(26).
4
Let o(n) = -16*n + 1. What is o(1)?
-15
Let i(q) = -q**2 - 8*q + 4. Determine i(-7).
11
Let p(o) = -2*o - 6. Calculate p(3).
-12
Let t(a) = -3*a - 7. Calculate t(1).
-10
Let o(y) = -7*y - 42. Determine o(-5).
-7
Let g(o) = -o**2 - 10*o + 63. What is g(10)?
-137
Let d(x) = -x**3 + 4*x**2 - 2*x + 4. Give d(5).
-31
Let q(l) = -l - 38. Determine q(-27).
-11
Let k(c) = -2*c - 5. Give k(0).
-5
Let j(g) = -g**3 + 9*g**2 + 13*g - 28. What is j(9)?
89
Let t(s) = s + 13. What is t(-8)?
5
Let j(m) = -4*m + 1. Determine j(2).
-7
Let b(k) = -7*k**2 + 46*k - 20. What is b(6)?
4
Let z(i) = i**3 + 8*i**2 + 7*i + 6. Determine z(-5).
46
Let i(g) = -g**2 - 13*g - 11. Calculate i(-17).
-79
Let v(q) = -2*q + 6. What is v(-10)?
26
Let u(w) = w**2 + 20*w - 63. Calculate u(-23).
6
Let w(k) = k**3 - 36*k**2 + k - 30. Give w(36).
6
Let b(k) = -8*k - 4. Determine b(5).
-44
Let u(k) = k**3 - 21*k**2 + k - 24. Calculate u(21).
-3
Let h(x) = 5*x - 2. Determine h(0).
-2
Let z(p) = p**3 + 4*p**2 - 2*p - 4. Determine z(-5).
-19
Let t(h) = -2*h**3 - 2*h**2 + h + 7. Give t(-3).
40
Let t(j) = -200*j - 1. What is t(-1)?
199
Let o(d) = d**3 - 10*d**2 + 12*d + 10. Determine o(8).
-22
Let y(j) = -j + 6. Calculate y(-5).
11
Let r(l) = -6*l**2 - 2*l - 1. What is r(-1)?
-5
Let k(o) = o**3 - 13*o**2 + 10*o + 16. Give k(12).
-8
Let t(l) = -11*l + 53. Give t(7).
-24
Let d(q) = -30*q + 26. Determine d(2).
-34
Let x(v) = 3*v - 21. Determine x(6).
-3
Let h(x) = x**3 - 2*x**2 - 4*x. Give h(3).
-3
Let t(p) = -p**3 + 6*p**2 - p + 14. Determine t(6).
8
Let h(w) = 2*w**2 - 3*w + 6. What is h(4)?
26
Let w(t) = 2*t + 1. Determine w(-1).
-1
Let g(o) = o**2 + 22*o + 23. Calculate g(-19).
-34
Let d(j) = j**2 + 9*j - 28. Determine d(-11).
-6
Let a(u) = -41*u + 590. Give a(14).
16
Let f(r) = 6*r**3 - r - 2. Calculate f(2).
44
Let o(p) = 2*p**2 - 18*p + 19. What is o(11)?
63
Let w(a) = -a**3 + 6*a**2 - 6*a + 11. Give w(5).
6
Let y(w) = -19*w - 1. Give y(-1).
18
Let c(m) = -2*m**3 - m**2 + 5*m - 4. Calculate c(1).
-2
Let m(i) = i**2 + 35*i - 4. Determine m(0).
-4
Let u(b) = -3*b + 7. Calculate u(4).
-5
Let p(m) = 5*m**2 - m - 2. Determine p(-5).
128
Let o(p) = p**3 - 6*p**2 - 6*p - 17. Give o(7).
-10
Let k(p) = -p**3 - 23*p**2 + p + 52. Give k(-23).
29
Let j(v) = -7*v + 10. What is j(7)?
-39
Let m(c) = 18*c + 79. Determine m(-4).
7
Let q(h) = -h**3 + 6*h**2 + h + 8. Calculate q(6).
14
Let z(a) = -2*a**2 + 88*a - 87. Calculate z(43).
-1
Let v(w) = -w**3 - 9*w**2 - w + 6. Determine v(-9).
15
Let t(j) = 2*j**2 - 38*j + 29. Determine t(18).
-7
Let z(v) = 15*v + 2. What is z(4)?
62
Let o(t) = t**3 - 8*t**2 + 2*t + 10. Calculate o(8).
26
Let v(h) = 4*h**2 + 2*h + 1. Calculate v(-3).
31
Let q(t) = 36*t + 26. Give q(-3).
-82
Let j(h) = -2*h + 4. Determine j(-8).
20
Let v(q) = 13*q + 184. What is v(-15)?
-11
Let v(z) = z**3 - 16*z**2 - z + 16. Calculate v(16).
0
Let h(s) = s - 1. What is h(-5)?
-6
Let f(l) = l**3 - 22*l**2 - 49*l + 37. Calculate f(24).
13
Let v(k) = -k**3 + 6*k**2 - 1. Calculate v(6).
-1
Let i(h) = h**2 + 2*h + 5. What is i(0)?
5
Let k(x) = -2*x**3 + 2*x**2 + 2*x - 1. What is k(2)?
-5
Let d(u) = -10*u - 2. Determine d